) = -4*v**3 + 1279*v**2 + 317*v + 698. What is o(320)?
-262
Let i(k) = -64665*k - 2974580. Calculate i(-46).
10
Let p(b) = -1288*b - 171. Determine p(0).
-171
Let b(q) = 20050*q - 140330. Determine b(7).
20
Let b(p) = -116*p**2 - 1146*p - 61. What is b(-10)?
-201
Let k(r) = -r**3 + 65*r**2 + 596*r + 31. Give k(-9).
661
Let h(c) = 132*c - 2588. Calculate h(0).
-2588
Let h(k) = 26*k**3 - 8632*k**2 + 3*k - 1282. What is h(332)?
-286
Let o(j) = j**3 + 89*j**2 + 811*j + 40003. Determine o(-85).
-32
Let g(k) = 6*k**2 + 90*k + 87. Determine g(-14).
3
Let y(p) = 9*p**2 + 26*p + 28. What is y(-6)?
196
Let y(b) = 2*b**3 - 168*b**2 - 890*b - 93. What is y(89)?
-93
Let w(c) = c**3 - 783*c**2 - 4764*c - 195. Give w(-6).
-15
Let d(y) = -90*y**3 + 3334*y**2 - 173*y + 923. Give d(37).
-2
Let i(r) = 66850*r + 534788. Give i(-8).
-12
Let j(m) = -2*m**3 - 10*m**2 + 66*m - 119. Give j(-10).
221
Let f(w) = 165636*w - 3312714. Determine f(20).
6
Let w(c) = 28703*c - 401837. Calculate w(14).
5
Let m(d) = -4635*d - 421808. Give m(-91).
-23
Let o(b) = 2*b**3 + 328*b**2 + 329*b + 463. Calculate o(-163).
-26
Let r(t) = -4387*t - 1710916. Determine r(-390).
14
Let r(f) = f**3 + 283*f**2 - 5905*f - 50433. Determine r(-302).
1
Let p(h) = 7815*h**2 - 23512*h + 198. What is p(3)?
-3
Let u(d) = 83*d**2 + 13439*d - 14675. Give u(-163).
-5
Let l(p) = 101682*p - 2440490. Calculate l(24).
-122
Let c(f) = 2*f**3 - 10*f**2 + 16*f - 67. Give c(5).
13
Let r(v) = 5*v**3 - 61*v**2 + 125*v + 364. Calculate r(8).
20
Let m(j) = 1832*j - 214337. Determine m(117).
7
Let y(b) = -b**2 + 1691*b + 13704. Determine y(-8).
112
Let p(c) = 3*c**3 - 338*c**2 - 120*c + 895. What is p(113)?
104
Let u(n) = 48*n - 421. Calculate u(-10).
-901
Let y(o) = 3*o**3 + 1101*o**2 + 3273*o - 225. Give y(-364).
867
Let t(z) = -2224*z**2 - 1145*z + 1143. Determine t(1).
-2226
Let j(r) = -224184*r - 10536636. Calculate j(-47).
12
Let i(v) = -276*v**3 + 2207*v**2 + 55*v - 342. Determine i(8).
34
Let k(n) = -n**2 + 246*n + 26012. Calculate k(-81).
-475
Let d(m) = -m**3 - 4*m**2 - 76762*m - 307043. Determine d(-4).
5
Let z(b) = -1361*b - 18231. What is z(-12)?
-1899
Let h(l) = 540*l**2 + 19*l + 22. Determine h(-1).
543
Let h(z) = -235*z**2 - 11048*z + 40. Calculate h(-47).
181
Let g(x) = -6*x**2 + 507*x - 2153. Calculate g(78).
889
Let r(x) = -5598*x + 431047. Calculate r(77).
1
Let k(q) = -78*q - 554. Give k(-7).
-8
Let m(p) = 261*p - 82326. Calculate m(318).
672
Let w(c) = 4*c**2 - 282*c + 2570. Determine w(60).
50
Let t(d) = 27*d**2 + 978*d + 4914. Calculate t(-6).
18
Let r(t) = -3*t**2 - 61*t + 50518. Calculate r(120).
-2
Let c(k) = -k**3 - 26*k**2 - 122*k + 1. What is c(-6)?
13
Let y(s) = -403*s - 7450. Calculate y(-13).
-2211
Let r(i) = 293*i + 3718. Calculate r(-12).
202
Let y(x) = -12223*x**2 + 427799*x + 223. Calculate y(35).
13
Let x(y) = -143*y**2 - 2837*y + 458. Give x(-20).
-2
Let x(k) = 2820*k + 11182. Calculate x(-4).
-98
Let z(c) = -145385*c + 436154. What is z(3)?
-1
Let j(z) = -z**2 + 132*z + 3431. What is j(154)?
43
Let j(z) = 2*z**2 - 47*z - 738. What is j(34)?
-24
Let d(f) = f**3 + 109*f**2 + 899*f - 142. Calculate d(-100).
-42
Let n(v) = -159*v - 4410. What is n(-22)?
-912
Let k(f) = -53*f**2 - 1092*f + 41. Give k(-21).
-400
Let a(w) = -w**3 + 21*w**2 - 7*w + 1271. Determine a(23).
52
Let c(f) = -46*f**2 - 84*f + 320. Determine c(4).
-752
Let s(o) = o**3 - 205*o**2 + 286*o + 24222. What is s(203)?
-138
Let b(o) = -2*o**3 - 592*o**2 + 5376*o - 34774. What is b(-305)?
-4
Let k(d) = -3*d**3 + 21*d**2 - 209*d + 1486. Give k(7).
23
Let j(v) = -v**3 - 104*v**2 + 413*v - 1966. Determine j(-108).
86
Let f(t) = t**2 - 50*t - 30358. Determine f(201).
-7
Let g(u) = -37*u**2 - 354*u + 65. Determine g(-10).
-95
Let n(o) = -10*o**2 + 350*o - 2432. Calculate n(26).
-92
Let v(o) = -874*o - 8457. Determine v(-11).
1157
Let y(h) = -19*h**2 - 7550*h - 87869. Calculate y(-12).
-5
Let b(r) = 2*r**3 - 18*r**2 + 413*r - 3727. What is b(9)?
-10
Let r(o) = 36*o**2 - 282*o - 382. Give r(9).
-4
Let q(g) = -38631*g + 1390686. Determine q(36).
-30
Let l(a) = -a**3 - 130*a**2 - 1222*a - 2522. Give l(-7).
5
Let v(g) = 3786*g - 242253. What is v(64)?
51
Let t(b) = -2*b**2 - 69447*b + 1528785. What is t(22)?
-17
Let w(h) = 33*h**2 + 535*h + 2245. Determine w(-7).
117
Let r(x) = -2*x**3 + 19*x**2 + 33*x + 8. Calculate r(15).
-1972
Let z(b) = -3*b**2 + 136*b - 2479. Calculate z(22).
-939
Let w(z) = -8*z**2 - 783*z + 14794. Calculate w(18).
-1892
Let t(w) = -7*w**2 - 1149*w - 730. Give t(-163).
574
Let w(t) = -t**2 - 719*t - 102815. Determine w(-522).
19
Let m(g) = -2260*g**2 - 45155*g + 892. Calculate m(-20).
-8
Let o(s) = 100104*s - 1201235. Calculate o(12).
13
Let p(m) = 8*m**2 + 913*m + 18761. Give p(-21).
3116
Let b(m) = -1097*m + 3296. What is b(3)?
5
Let i(t) = -t**3 - 73*t**2 - 190*t - 4418. Determine i(-71).
-1010
Let h(l) = 13*l**2 + 482*l + 1448. Calculate h(-45).
6083
Let r(p) = 11*p**3 - 42*p**2 + 100*p - 20. Calculate r(3).
199
Let h(p) = -13054*p + 129208. Give h(10).
-1332
Let u(o) = 2*o**2 - 42*o + 840. Calculate u(21).
840
Let k(g) = g**2 - 841562*g - 34505728. Calculate k(-41).
-5
Let s(r) = 16466*r - 82127. Determine s(5).
203
Let j(r) = -r**3 - 97*r**2 + 1192*r - 56. Calculate j(11).
-12
Let j(n) = -3172*n + 9272. Give j(3).
-244
Let p(o) = -2*o**3 - 1862*o**2 - 5553*o + 13931. Calculate p(-928).
11
Let l(a) = -8833*a + 2561574. What is l(290)?
4
Let n(p) = -3722*p + 4365916. Calculate n(1173).
10
Let b(s) = 19858*s - 5599946. Determine b(282).
10
Let q(z) = z**3 + 269*z**2 - 3038*z + 11766. What is q(-280)?
6
Let p(k) = -2*k**3 - 183*k**2 + 2603*k + 1481. Calculate p(13).
-1
Let j(z) = 5874*z + 540342. Give j(-92).
-66
Let l(a) = a**3 + 5*a**2 - 2451*a - 26235. What is l(-11)?
0
Let o(y) = 5*y**2 + 116*y + 1903. What is o(-24)?
1999
Let g(h) = 11*h + 2950. Calculate g(-55).
2345
Let j(s) = 36355*s - 509458. Give j(14).
-488
Let y(f) = -1087*f + 7981. Calculate y(8).
-715
Let t(z) = -9018*z - 2795581. Calculate t(-310).
-1
Let b(t) = -3*t**2 - 894*t - 7489. What is b(-290)?
-529
Let g(q) = -64*q**2 - 7214*q + 2030. Determine g(-113).
-4
Let a(i) = -26*i**2 - 3420*i + 110. Calculate a(-132).
-1474
Let s(t) = 2*t**2 - 84*t - 107. What is s(14)?
-891
Let w(d) = 983*d + 222191. What is w(-226)?
33
Let g(m) = -144809*m - 144815. What is g(-1)?
-6
Let f(o) = 2*o**3 + 775*o**2 - 5921*o + 1578. Give f(-395).
-2
Let v(h) = 312*h**3 - 5*h**2 - 19*h + 62. What is v(2)?
2500
Let y(j) = -j**3 - 86*j**2 + 78*j - 103. Give y(-87).
680
Let y(p) = -652*p + 54798. Determine y(84).
30
Let q(m) = 1338641*m + 6693187. Determine q(-5).
-18
Let r(g) = -2*g**3 - 2198*g**2 - 1587*g + 668688. Calculate r(-1098).
6
Let f(m) = 22*m**2 - 93*m + 349. Give f(4).
329
Let w(l) = 4*l**3 + 18*l**2 + 148*l - 1779. Give w(5).
-89
Let q(a) = a**2 + 30100*a + 210661. Determine q(-7).
10
Let s(r) = -r**3 + 165*r**2 + 7960*r - 26. Calculate s(204).
790
Let h(u) = 2*u**3 - 13*u**2 + 924*u - 6518. What is h(7)?
-1
Let n(y) = -2*y**3 - 97*y**2 - 801*y - 1253. What is n(-8)?
-29
Let r(t) = t**3 - 74*t**2 - 824*t - 173. Give r(84).
1171
Let z(g) = g**2 + 905293*g - 7242404. What is z(8)?
4
Let i(x) = -x**3 + 108*x**2 - 2106*x + 2153. Determine i(24).
-7
Let a(k) = -4*k**3 + 18*k**2 + 5169*k - 25799. What is a(5)?
-4
Let u(z) = 7*z**3 - 3*z**2 + 22*z + 125. Calculate u(-4).
-459
Let w(y) = y**2 + 621*y + 85704. Determine w(-207).
6
Let v(l) = -239*l - 2359. Give v(-11).
270
Let k(o) = -15*o**2 + 275*o - 567. Determine k(2).
-77
Let z(n) = 38382*n - 1995869. What is z(52)?
-5
Let j(l) = l**3 + 134*l**2 - 962*l - 76. Calculate j(7).
99
Let c(y) = -1444*y - 49146. Determine c(-34).
-50
Let w(b) = -879569*b - 14073115. Determine w(-16).
-11
Let q(a) = -3*a**2 - 946*a + 108939. Give q(-405).
-6
Let x(v) = 2*v**3 + 64*v**2 - 58*v + 247. Determine x(-33).
-17
Let w(h) = -11*h**2 - 1650*h + 6793. Give w(-154).
17
Let z(d) = 36*d**2 + 4671*d + 3450. What is z(-129)?
-33
Let u(c) = -133*c + 1360. What is u(6)?
562
Let w(l) = -l**3 + 14*l**2 + 15*l - 126. What is w(17)?
-738
Let u(i) = -5120*i - 2539513. Give u(-496).
7
Let f(a) = -1581*a**2 + 875873*a + 559. What is f(554)?
5
Let v(l) = 5*l**3 - 390*l**2 - 5*l + 389. Determine v(78).
-1
Let n(h) = -h**3 - 9*h**2 